905 a prime number?
False
Is 1256581 a prime number?
False
Is 7714909 composite?
True
Is 2576363 a prime number?
True
Is 211385401 a composite number?
True
Is 10437269 a prime number?
False
Is 3732934 a composite number?
True
Is 165135743 a composite number?
False
Is 149204999 a prime number?
True
Is 70378901 composite?
False
Is 962471 a prime number?
True
Is 120674503 composite?
False
Is 7705871 prime?
False
Is 137548805 composite?
True
Is 5608391 a composite number?
True
Is 289462 composite?
True
Is 92618161 a prime number?
True
Is 188131143 a composite number?
True
Is 113363771 a prime number?
True
Is 4026889 a prime number?
True
Is 263447931 prime?
False
Is 3930349 a prime number?
False
Is 52537169 composite?
False
Is 30473479 prime?
True
Is 45871517 a prime number?
True
Is 14042363 a composite number?
True
Is 281141153 composite?
False
Is 25124851 composite?
False
Is 10811309 composite?
False
Is 1001447 composite?
False
Is 5054509 a prime number?
False
Is 2481601 prime?
True
Is 64417081 prime?
False
Is 135416945 a composite number?
True
Is 7405966 composite?
True
Is 504269 a prime number?
True
Is 96224149 a composite number?
True
Is 8271743 a prime number?
False
Is 21068711 composite?
True
Is 66455891 composite?
False
Is 184409 composite?
False
Is 9795043 composite?
True
Is 1888585 composite?
True
Is 49251481 prime?
False
Is 114809165 a composite number?
True
Is 2913122 a composite number?
True
Is 841679 a composite number?
True
Is 24942549 a composite number?
True
Is 5420343 prime?
False
Is 108814009 a prime number?
True
Is 29248487 prime?
True
Is 2144733799 a composite number?
True
Is 14915429 a prime number?
False
Is 356387 composite?
False
Is 2091029 a composite number?
True
Is 5456383 prime?
False
Is 7086839 a composite number?
False
Is 110638511 a composite number?
True
Is 3073463 a prime number?
False
Is 3251617 composite?
True
Is 5776663 prime?
False
Is 1762207 prime?
True
Is 219179281 prime?
True
Is 33941293 composite?
True
Is 3614227 a composite number?
False
Is 2314361 prime?
False
Is 78380221 prime?
True
Is 30542726 prime?
False
Is 25737073 a composite number?
False
Is 81241243 a prime number?
True
Is 5528387 prime?
True
Is 32687 composite?
False
Is 56693987 prime?
False
Is 191935013 a composite number?
False
Is 2811761 composite?
False
Is 793279 a composite number?
False
Is 5601779 a prime number?
True
Is 976253 prime?
True
Is 235671341 composite?
True
Is 96726379 a composite number?
True
Is 20195177 composite?
False
Is 15647189 a prime number?
False
Is 8081081 prime?
False
Is 223207 prime?
True
Is 6312887 composite?
True
Is 12422077 prime?
True
Is 861041 a prime number?
False
Is 30473059 composite?
False
Is 61337 a composite number?
True
Is 755137 a composite number?
False
Is 22039873 a composite number?
False
Is 15121553 a composite number?
False
Is 156167534 a prime number?
False
Is 211636199 composite?
False
Is 767587 prime?
True
Is 3868327 prime?
False
Is 16953023 a composite number?
True
Is 135143 a prime number?
False
Is 358762171 composite?
False
Is 19786687 composite?
True
Is 530386 a composite number?
True
Is 74827393 a composite number?
False
Is 12626249 prime?
False
Is 3839153 a prime number?
True
Is 13050061 a composite number?
True
Is 151954463 composite?
False
Is 24307 a composite number?
True
Is 6094481 a prime number?
True
Is 42044297 a prime number?
True
Is 198775615 a prime number?
False
Is 11562619 a prime number?
False
Is 194445193 prime?
True
Is 37696081 a composite number?
True
Is 25487193 prime?
False
Is 2661293 prime?
False
Is 13812263 a prime number?
True
Is 41072767 a composite number?
False
Is 30442001 prime?
True
Is 110264837 composite?
True
Is 35707093 a prime number?
True
Is 206670091 a composite number?
False
Is 18453749 composite?
True
Is 56405717 composite?
False
Is 7564741 a prime number?
False
Is 4885663 a prime number?
False
Is 2017031 composite?
True
Is 52497257 composite?
False
Is 20013031 composite?
False
Is 531461285 a composite number?
True
Is 103137913 a prime number?
True
Is 93121909 a prime number?
True
Is 2186453 a prime number?
True
Is 165464953 a prime number?
True
Is 1524157 a prime number?
False
Is 9407891 a prime number?
True
Is 5599387 a composite number?
True
Is 45696901 composite?
True
Is 211043081 composite?
False
Is 30669083 a composite number?
True
Is 71371957 a composite number?
True
Is 7861031 composite?
False
Is 2754571 a prime number?
False
Is 162384949 a composite number?
True
Is 3296543 prime?
False
Is 42613426 composite?
True
Is 199637 prime?
True
Is 3953189 composite?
False
Is 259083763 a prime number?
True
Is 54527051 prime?
True
Is 8417219 composite?
True
Is 61086037 a prime number?
True
Is 9639283 a composite number?
False
Is 1269133 composite?
True
Is 32752877 prime?
True
Is 23543383 a prime number?
False
Is 10711529 a prime number?
True
Is 2744551 composite?
False
Is 345789905 composite?
True
Is 224414713 a composite number?
True
Is 70986191 composite?
True
Is 2632303 a composite number?
True
Is 159854333 composite?
True
Is 35213473 prime?
False
Is 60686471 composite?
False
Is 4782431 composite?
False
Is 37300717 prime?
False
Is 46747717 composite?
True
Is 98805761 composite?
False
Is 5252081 composite?
False
Is 1243686529 a composite number?
False
Is 69620549 a prime number?
True
Is 269909 a composite number?
True
Is 94623 composite?
True
Is 504885629 composite?
False
Is 3572519 composite?
False
Is 4506599 a composite number?
True
Is 128054947 a prime number?
False
Is 30836229 a prime number?
False
Is 11857553 a prime number?
False
Is 2514013 a prime number?
True
Is 3953465 a composite number?
True
Is 45458893 a prime number?
True
Is 236681 composite?
False
Is 1256369 a prime number?
True
Is 338893 a prime number?
True
Is 114467 a prime number?
True
Is 20155585 a composite number?
True
Is 6386417 prime?
True
Is 1142881 prime?
True
Is 228910663 a composite number?
True
Is 3035629 a prime number?
False
Is 34710729 composite?
True
Is 209089 a composite number?
False
Is 10061251 a composite number?
True
Is 552575071 composite?
True
Is 37754329 composite?
False
Is 5599703 a composite number?
False
Is 151112249 a prime number?
False
Is 7023557 prime?
False
Is 382895637 a prime number?
False
Is 1539149 a composite number?
False
Is 103308733 a prime number?
False
Is 2978681 prime?
True
Is 638399747 a prime number?
True
Is 16493963 composite?
True
Is 1051697 prime?
True
Is 4222087 a prime number?
False
Is 41570861 a composite number?
False
Is 1061759 a prime number?
True
Is 53714119 composite?
True
Is 548071 a prime number?
False
Is 42132283 a prime number?
False
Is 164797157 prime?
False
Is 601717 a composite number?
False
Is 16188739 prime?
False
Is 248165 a prime number?
False
Is 2513941 a composite number?
False
Is 99308609 prime?
False
Is 5121557 prime?
False
Is 24779039 a prime number?
True
Is 11775601 composite?
False
Is 16645583 prime?
False
Is 213181061 a prime number?
True
Is 324781 prime?
True
Is 3202217 a prime number?
True
Is 186773141 a composite number?
False
Is 308486285 composite?
True
Is 5310247 prime?
True
Is 921989 prime?
True
Is 2201387 a prime number?
True
Is 25334273 a composite number?
True
Is 7837547 composite?
True
Is 182438785 a prime number?
False
Is 18375573 a composite number?
True
Is 261760813 a prime number?
False
Is 2781797 a prime number?
True
Is 32680411 a composite number?
True
Is 481343 prime?
True
Is 48017 prime?
True
Is 704423 prime?
False
Is 38597 a composite number?
True
Is 57063089 composite?
True
Is 9415097 composite?
True
Is 1057219 a composite number?
False
Is 142817251 a prime number?
True
Is 28852753 prime?
True
Is 3978421 a prime number?
True
Is 3933145 a composite number?
True
Is 87787903 a composite number?
True
Is 1274807 prime?
False
Is 363236795 composite?
True
Is 4634327 a composite number?
False
Is 158013421 a composite number?
True
Is 54602663 composite?
True
Is 4097537 a composite number?
False
Is 814127 composite?
False
Is 51451613 a composite number?
True
Is 59809613 a prime number?
False
Is 10966891 composite?
True
Is 23447407 a composite number?
True
Is 304819693 a prime number?
False
Is 87640989 a prime number?
False
Is 340103 composite?
False
Is 20432693 prime?
False
Is 2428091 composite?
True
Is 1